{"id":17,"date":"2023-11-14T04:14:11","date_gmt":"2023-11-14T03:14:11","guid":{"rendered":"http:\/\/sonolux-sacrecoeur22.fr\/?page_id=17"},"modified":"2023-11-30T15:38:39","modified_gmt":"2023-11-30T14:38:39","slug":"home","status":"publish","type":"page","link":"https:\/\/sonolux-sacrecoeur22.fr\/","title":{"rendered":"Accueil"},"content":{"rendered":"<p>[et_pb_section fb_built=\u00a0\u00bb1&Prime; fullwidth=\u00a0\u00bbon\u00a0\u00bb _builder_version=\u00a0\u00bb4.23.1&Prime; _module_preset=\u00a0\u00bbdefault\u00a0\u00bb collapsed=\u00a0\u00bboff\u00a0\u00bb global_colors_info=\u00a0\u00bb{}\u00a0\u00bb][et_pb_fullwidth_slider admin_label=\u00a0\u00bbCurseur de d\u00e9filement plein \u00e9cran\u00a0\u00bb _builder_version=\u00a0\u00bb4.23.1&Prime; _module_preset=\u00a0\u00bbdefault\u00a0\u00bb background_image=\u00a0\u00bbhttp:\/\/sonolux-sacrecoeur22.fr\/wp-content\/uploads\/2023\/11\/prema-scaled.jpg\u00a0\u00bb parallax=\u00a0\u00bbon\u00a0\u00bb global_colors_info=\u00a0\u00bb{}\u00a0\u00bb][et_pb_slide heading=\u00a0\u00bbSONOLUX\u00a0\u00bb image=\u00a0\u00bbhttp:\/\/sonolux-sacrecoeur22.fr\/wp-content\/uploads\/2023\/11\/EU-Erasmus.png\u00a0\u00bb _builder_version=\u00a0\u00bb4.23.1&Prime; _module_preset=\u00a0\u00bbdefault\u00a0\u00bb global_colors_info=\u00a0\u00bb{}\u00a0\u00bb sticky_transition=\u00a0\u00bbon\u00a0\u00bb]<\/p>\n<h4><span style=\"color: #000000;\">Financ\u00e9 par l&rsquo;union europ\u00e9enne<\/span><\/h4>\n<h4><span style=\"color: #000000;\">________________________________________________________<\/span><\/h4>\n<h4><span style=\"color: #000000;\">Trois \u00e9tablissements scolaires, fran\u00e7ais, espagnol et italien.<\/span><\/h4>\n<h4><span style=\"color: #000000;\">Ce projet a pour objectif principal l&rsquo;\u00e9laboration d&rsquo;un outil permettant la captation, la mesure et le <\/span><span style=\"color: #000000;\">traitement\u00a0 de signaux sonores et lumineux en service de n\u00e9onatologie, afin d&rsquo;am\u00e9liorer les conditions de vie des nouveaux-n\u00e9s pr\u00e9matur\u00e9s.<br \/><\/span><\/h4>\n<p>[\/et_pb_slide][et_pb_slide heading=\u00a0\u00bbProjet financ\u00e9 par des fonds europ\u00e9ens\u00a0\u00bb image=\u00a0\u00bbhttp:\/\/sonolux-sacrecoeur22.fr\/wp-content\/uploads\/2023\/11\/logo-eplus.png\u00a0\u00bb _builder_version=\u00a0\u00bb4.23.1&Prime; _module_preset=\u00a0\u00bbdefault\u00a0\u00bb global_colors_info=\u00a0\u00bb{}\u00a0\u00bb sticky_transition=\u00a0\u00bbon\u00a0\u00bb][\/et_pb_slide][\/et_pb_fullwidth_slider][\/et_pb_section][et_pb_section fb_built=\u00a0\u00bb1&Prime; _builder_version=\u00a0\u00bb4.23.1&Prime; _module_preset=\u00a0\u00bbdefault\u00a0\u00bb collapsed=\u00a0\u00bboff\u00a0\u00bb global_colors_info=\u00a0\u00bb{}\u00a0\u00bb][et_pb_row column_structure=\u00a0\u00bb1_2,1_2&Prime; _builder_version=\u00a0\u00bb4.23.1&Prime; _module_preset=\u00a0\u00bbdefault\u00a0\u00bb global_colors_info=\u00a0\u00bb{}\u00a0\u00bb][et_pb_column type=\u00a0\u00bb1_2&Prime; _builder_version=\u00a0\u00bb4.23.1&Prime; _module_preset=\u00a0\u00bbdefault\u00a0\u00bb global_colors_info=\u00a0\u00bb{}\u00a0\u00bb][et_pb_text _builder_version=\u00a0\u00bb4.23.1&Prime; _module_preset=\u00a0\u00bbdefault\u00a0\u00bb global_colors_info=\u00a0\u00bb{}\u00a0\u00bb]<\/p>\n<h3 style=\"text-align: center;\"><strong>Le contexte du projet<\/strong><\/h3>\n<p>[\/et_pb_text][et_pb_text _builder_version=\u00a0\u00bb4.23.1&Prime; _module_preset=\u00a0\u00bbdefault\u00a0\u00bb global_colors_info=\u00a0\u00bb{}\u00a0\u00bb]<\/p>\n<p><strong>Le service de n\u00e9onatologie de l&rsquo;h\u00f4pital de Saint Brieuc<\/strong> est reconnu comme un acteur d\u2019excellence au sein de la commission de r\u00e9flexion et d\u2019\u00e9valuation de l\u2019environnement des nouveaux n\u00e9es soutenue par la SFN (soci\u00e9t\u00e9 fran\u00e7aise de n\u00e9onatologie) et le r\u00e9seau international NIDCAP ( programme NIDCAP qui vise \u00e0 prot\u00e9ger le d\u00e9veloppement c\u00e9r\u00e9bral des enfants n\u00e9s avant terme en limitant le stress li\u00e9 \u00e0 leur environnement et aux soins, tout en redonnant \u00e0 leurs parents une place pr\u00e9pond\u00e9rante \u00e0 leurs c\u00f4t\u00e9s pendant l\u2019hospitalisation) . Dans leurs perspectives de recherche la m\u00e9decin p\u00e9diatre Jennifer Chauvel et le th\u00e9rapeute et musicologue Simon Cosson ont voulu lancer au sein de leur \u00e9quipe une \u00e9tude concernant le directions de recherche men\u00e9es par C.Degorre, L.Ghyselen, L. Barcat, L. D\u00e9grigilliers entre autres, et publi\u00e9es dans le m\u00e9moire \u00ab\u00a0Nuissances sonores en r\u00e9animation n\u00e9onatale : impact d&rsquo;un outil de monitorage\u00a0\u00bb.<\/p>\n<p>La captation, la mesure et le traitement d&rsquo;un signal sonore et\/ou lumineux n\u00e9cessitent la conception d&rsquo;un outil adapt\u00e9 capable<br \/>d&rsquo; offrir une mesure fiable des donn\u00e9es. C&rsquo;est dans cette perspective que nous avons \u00e9t\u00e9 sollicit\u00e9s par l\u2019h\u00f4pital, qui, s\u2019appuyant sur l&rsquo;expertise dans la construction et le management de projets technologiques de nos \u00e9quipes de STI2D, a souhait\u00e9 nous associer \u00e0 leur perspective de recherche.<\/p>\n<p>La coop\u00e9ration internationale au sein des programmes Erasmus plus pour l&rsquo;enseignement scolaire est devenue une priorit\u00e9 centrale et le meilleur moyen pour, d&rsquo;une part, associer d&rsquo;autres centres europ\u00e9ens n\u00e9onatales NIDCAP \u00e0 la recherche (dans ce cas, ce sont nos partenaires scolaires qui ont fait la d\u00e9marche inverse et se sont occup\u00e9s de solliciter les services n\u00e9onatales de leurs pays pour les inscrire dans la boucle du projet) et d&rsquo;autre part, internationaliser le projet, qui devenait pour nous, \u00e9tablissements scolaires participants, le meilleur moyen de faire avancer le front de modernisation de nos centres \u00e9ducatifs, d&rsquo;augmenter la motivation des \u00e9l\u00e8ves participants, du personnel enseignant et des \u00e9quipes de direction.<\/p>\n<p>[\/et_pb_text][\/et_pb_column][et_pb_column type=\u00a0\u00bb1_2&Prime; _builder_version=\u00a0\u00bb4.23.1&Prime; _module_preset=\u00a0\u00bbdefault\u00a0\u00bb global_colors_info=\u00a0\u00bb{}\u00a0\u00bb][et_pb_video src=\u00a0\u00bbhttps:\/\/youtu.be\/gjP_XniWBjM\u00a0\u00bb _builder_version=\u00a0\u00bb4.23.1&Prime; _module_preset=\u00a0\u00bbdefault\u00a0\u00bb hover_enabled=\u00a0\u00bb0&Prime; global_colors_info=\u00a0\u00bb{}\u00a0\u00bb sticky_enabled=\u00a0\u00bb0&Prime;][\/et_pb_video][et_pb_text _builder_version=\u00a0\u00bb4.23.1&Prime; _module_preset=\u00a0\u00bbdefault\u00a0\u00bb global_colors_info=\u00a0\u00bb{}\u00a0\u00bb]<\/p>\n<h3 style=\"text-align: center;\"><strong>Objectifs connexes<\/strong><\/h3>\n<p>[\/et_pb_text][et_pb_text _builder_version=\u00a0\u00bb4.23.1&Prime; _module_preset=\u00a0\u00bbdefault\u00a0\u00bb global_colors_info=\u00a0\u00bb{}\u00a0\u00bb]<\/p>\n<p>C&rsquo;est autour de cet objectif op\u00e9rationnel commun \u00e0 des m\u00e9decins chercheurs, du personnel enseignant et des \u00e9l\u00e8ves en formation que nous avons r\u00e9fl\u00e9chi \u00e0 la mise en place d&rsquo;autres objectifs sp\u00e9cifiques donnant sens \u00e0 nos pratiques et orientations p\u00e9dagogiques :<\/p>\n<p><strong>Vid\u00e9o genre et sciences<\/strong><br \/>constatant le contraste entre le d\u00e9ficit chronique de participation f\u00e9minine dans le secteur STEAM et le d\u00e9ficit chronique<br \/>de participation masculine dans les services de n\u00e9onatologie, nous pouvions orienter notre projet vers un objectif d&rsquo;inclusion visant \u00e0 d\u00e9fendre l&rsquo;\u00e9galit\u00e9 de chances entre filles et gar\u00e7ons, au sujet de l&rsquo;orientation acad\u00e9mique dans ce secteur.<br \/>La coproduction d&rsquo;une vid\u00e9o reportage sur le SONOLUX pouvait s&rsquo;inscrire dans les contenus de diffusion et de m\u00e9diation<br \/>scientifique destin\u00e9es \u00e0 la promotion scolaire de l&rsquo;inclusion des filles dans les m\u00e9tiers technologiques et scientifiques d\u00e8s le coll\u00e8ge.<\/p>\n<p><strong>Manuel multilingue<\/strong><br \/>Marqu\u00e9s par une philosophie de production des r\u00e9sultats (REL), nous avons d\u00e9termin\u00e9 comme objectif compl\u00e9mentaire et indispensable \u00e0 notre appareil SONOLUX un manuel d&rsquo;instructions Multilingue de montage.<\/p>\n<p>[\/et_pb_text][\/et_pb_column][\/et_pb_row][et_pb_row column_structure=\u00a0\u00bb1_2,1_2&Prime; _builder_version=\u00a0\u00bb4.23.1&Prime; _module_preset=\u00a0\u00bbdefault\u00a0\u00bb global_colors_info=\u00a0\u00bb{}\u00a0\u00bb][et_pb_column type=\u00a0\u00bb1_2&Prime; _builder_version=\u00a0\u00bb4.23.1&Prime; _module_preset=\u00a0\u00bbdefault\u00a0\u00bb global_colors_info=\u00a0\u00bb{}\u00a0\u00bb][et_pb_text _builder_version=\u00a0\u00bb4.23.1&Prime; _module_preset=\u00a0\u00bbdefault\u00a0\u00bb global_colors_info=\u00a0\u00bb{}\u00a0\u00bb]<\/p>\n<h5><strong>Science, Technology, Engineering, Arts, Mathematics (STEAM).<br \/><\/strong><\/h5>\n<p>[\/et_pb_text][et_pb_video src=\u00a0\u00bbhttps:\/\/youtu.be\/C48oHf1TOcg?feature=shared\u00a0\u00bb _builder_version=\u00a0\u00bb4.23.1&Prime; _module_preset=\u00a0\u00bbdefault\u00a0\u00bb global_colors_info=\u00a0\u00bb{}\u00a0\u00bb][\/et_pb_video][et_pb_text _builder_version=\u00a0\u00bb4.23.1&Prime; _module_preset=\u00a0\u00bbdefault\u00a0\u00bb global_colors_info=\u00a0\u00bb{}\u00a0\u00bb]<\/p>\n<p><span class=\"ILfuVd\" lang=\"fr\"><span class=\"hgKElc\">Le STEAM est une approche multidisciplinaire de l&rsquo;apprentissage qui utilise la <b>science<\/b>, la technologie, l&rsquo;ing\u00e9nierie, les arts et les math\u00e9matiques comme points d&rsquo;acc\u00e8s \u00e0 l&rsquo;acquisition des comp\u00e9tences. Cette p\u00e9dagogie vise \u00e0 favoriser la cr\u00e9ativit\u00e9 et l&rsquo;innovation chez l&rsquo;\u00e9l\u00e8ve.<\/span><\/span><\/p>\n<p>[\/et_pb_text][\/et_pb_column][et_pb_column type=\u00a0\u00bb1_2&Prime; _builder_version=\u00a0\u00bb4.23.1&Prime; _module_preset=\u00a0\u00bbdefault\u00a0\u00bb global_colors_info=\u00a0\u00bb{}\u00a0\u00bb][et_pb_text _builder_version=\u00a0\u00bb4.23.1&Prime; _module_preset=\u00a0\u00bbdefault\u00a0\u00bb global_colors_info=\u00a0\u00bb{}\u00a0\u00bb]<\/p>\n<h5><strong>Programme d&rsquo;\u00e9valuation et de soins individualis\u00e9s du d\u00e9veloppement du nouveau-n\u00e9 (NIDCAP)<br \/><\/strong><\/h5>\n<p>[\/et_pb_text][et_pb_video src=\u00a0\u00bbhttps:\/\/youtu.be\/CgR7QjQwfsc?feature=shared\u00a0\u00bb _builder_version=\u00a0\u00bb4.23.1&Prime; _module_preset=\u00a0\u00bbdefault\u00a0\u00bb global_colors_info=\u00a0\u00bb{}\u00a0\u00bb][\/et_pb_video][\/et_pb_column][\/et_pb_row][\/et_pb_section]<\/p>\n","protected":false},"excerpt":{"rendered":"<p>Financ\u00e9 par l&rsquo;union europ\u00e9enne ________________________________________________________ Trois \u00e9tablissements scolaires, fran\u00e7ais, espagnol et italien. Ce projet a pour objectif principal l&rsquo;\u00e9laboration d&rsquo;un outil permettant la captation, la mesure et le traitement\u00a0 de signaux sonores et lumineux en service de n\u00e9onatologie, afin d&rsquo;am\u00e9liorer les conditions de vie des nouveaux-n\u00e9s pr\u00e9matur\u00e9s.Le contexte du projetLe service de n\u00e9onatologie de l&rsquo;h\u00f4pital [&hellip;]<\/p>\n","protected":false},"author":1,"featured_media":0,"parent":0,"menu_order":0,"comment_status":"closed","ping_status":"closed","template":"","meta":{"_et_pb_use_builder":"on","_et_pb_old_content":"<!-- wp:theme-blocks\/herosection {\"title\":\"Bienvenue sur Sonolux\",\"buttonTitle\":\"Read more\",\"description\":\"Du00e9couvrez notre outil novateur pour la mesure et le traitement du son en ru00e9animation nu00e9onatale, du00e9veloppu00e9 en collaboration avec le centre hospitalier de Saint-Brieuc. Amu00e9liorez la qualitu00e9 de vie des bu00e9bu00e9s pru00e9maturu00e9s gru00e2ce u00e0 des donnu00e9es sonores fiables.\",\"url\":\"\/about\",\"bottomTitle\":\"Une solution pour une ru00e9animation plus silencieuse\",\"mediaUrl\":\"\",\"mediaId\":16,\"urlNewTab\":false} \/--><!-- wp:theme-blocks\/featuredpost {\"title\":\"Featured post\"} \/--><!-- wp:theme-blocks\/latestposts {\"title\":\"Latest posts\"} \/--><!-- wp:theme-blocks\/newsletter-form {\"uniqueId\":\"\",\"adminEmail\":\"\"} \/-->","_et_gb_content_width":"","om_disable_all_campaigns":false,"_monsterinsights_skip_tracking":false,"_monsterinsights_sitenote_active":false,"_monsterinsights_sitenote_note":"","_monsterinsights_sitenote_category":0,"footnotes":""},"class_list":["post-17","page","type-page","status-publish","hentry"],"aioseo_notices":[],"_links":{"self":[{"href":"https:\/\/sonolux-sacrecoeur22.fr\/index.php?rest_route=\/wp\/v2\/pages\/17","targetHints":{"allow":["GET"]}}],"collection":[{"href":"https:\/\/sonolux-sacrecoeur22.fr\/index.php?rest_route=\/wp\/v2\/pages"}],"about":[{"href":"https:\/\/sonolux-sacrecoeur22.fr\/index.php?rest_route=\/wp\/v2\/types\/page"}],"author":[{"embeddable":true,"href":"https:\/\/sonolux-sacrecoeur22.fr\/index.php?rest_route=\/wp\/v2\/users\/1"}],"replies":[{"embeddable":true,"href":"https:\/\/sonolux-sacrecoeur22.fr\/index.php?rest_route=%2Fwp%2Fv2%2Fcomments&post=17"}],"version-history":[{"count":37,"href":"https:\/\/sonolux-sacrecoeur22.fr\/index.php?rest_route=\/wp\/v2\/pages\/17\/revisions"}],"predecessor-version":[{"id":386,"href":"https:\/\/sonolux-sacrecoeur22.fr\/index.php?rest_route=\/wp\/v2\/pages\/17\/revisions\/386"}],"wp:attachment":[{"href":"https:\/\/sonolux-sacrecoeur22.fr\/index.php?rest_route=%2Fwp%2Fv2%2Fmedia&parent=17"}],"curies":[{"name":"wp","href":"https:\/\/api.w.org\/{rel}","templated":true}]}}